{"id":129,"date":"2020-12-02T12:09:00","date_gmt":"2020-12-02T12:09:00","guid":{"rendered":"https:\/\/www.psychotherapie-janisch.de\/?page_id=129"},"modified":"2024-06-17T09:20:44","modified_gmt":"2024-06-17T09:20:44","slug":"kathrina-schmid","status":"publish","type":"page","link":"https:\/\/www.psychotherapie-janisch.de\/?page_id=129","title":{"rendered":"Kathrina Schmid"},"content":{"rendered":"<h2>Psychologische Psychotherapeutin, M. Sc. Psychologie<br \/>\nVerhaltenstherapie<\/h2>\n<p>Angestellte Psychotherapeutin<\/p>\n<p><em>&#8211; in Elternzeit &#8211; vertreten durch die KollegInnen der Praxis<\/em><\/p>\n<h2>Zusatzqualifikationen<\/h2>\n<p>Entspannungsverfahren (PMR nach Jacobsen)<br \/>\nGruppentherapie<\/p>\n<h2>Werdegang<\/h2>\n<ul>\n<li>Psychotherapeutische T\u00e4tigkeit in der Praxis f\u00fcr Psychotherapie Martina Janisch (seit 2020)<\/li>\n<li>Approbation als psychologische Psychotherapeutin und Eintragung in das Arztregister der kassen\u00e4rztlichen Vereinigung Baden-W\u00fcrttembergs mit der Fachkunde in Verhaltenstherapie bei Erwachsenen und in Gruppen (2020)<\/li>\n<li>Psychotherapeutische T\u00e4tigkeit im Bereich Angst- und Traumafolgest\u00f6rungen am Max-Planck-Institut (2017-2019) sowie in der Psychotherapeutischen -Hochschulambulanz der Universit\u00e4tsklinik (2019-2020) in M\u00fcnchen<\/li>\n<li>Psychotherapeutische T\u00e4tigkeit in der IFT Ambulanz M\u00fcnchen (2017-2020)<\/li>\n<li>Psychotherapeutische T\u00e4tigkeit an der Universit\u00e4tsklinik f\u00fcr Psychiatrie und Psychotherapie M\u00fcnchen (2016-2017)<\/li>\n<li>Weiterbildung zur Psychologischen Psychotherapeutin (Verhaltenstherapie) am Institut f\u00fcr Therapieforschung IFT M\u00fcnchen (2016-2020)<\/li>\n<li>Studium der Psychologie an der Ruprecht-Karls-Universit\u00e4t Heidelberg sowie an der Universit\u00e4t Ulm mit Auslandsaufenthalt in Gulu, Uganda (2011-2016)<\/li>\n<\/ul>\n","protected":false},"excerpt":{"rendered":"<p>Psychologische Psychotherapeutin, M. Sc. Psychologie Verhaltenstherapie Angestellte Psychotherapeutin &#8211; in Elternzeit &#8211; vertreten durch die KollegInnen der Praxis Zusatzqualifikationen Entspannungsverfahren (PMR nach Jacobsen) Gruppentherapie Werdegang Psychotherapeutische T\u00e4tigkeit in der Praxis f\u00fcr Psychotherapie Martina Janisch (seit 2020) Approbation als psychologische Psychotherapeutin und Eintragung in das Arztregister der kassen\u00e4rztlichen Vereinigung Baden-W\u00fcrttembergs mit der Fachkunde in Verhaltenstherapie bei &hellip; <\/p>\n<p class=\"link-more\"><a href=\"https:\/\/www.psychotherapie-janisch.de\/?page_id=129\" class=\"more-link\"><span class=\"screen-reader-text\">\u201eKathrina Schmid\u201c <\/span>weiterlesen<\/a><\/p>\n","protected":false},"author":1,"featured_media":0,"parent":0,"menu_order":0,"comment_status":"closed","ping_status":"closed","template":"","meta":{"footnotes":""},"class_list":["post-129","page","type-page","status-publish","hentry"],"_links":{"self":[{"href":"https:\/\/www.psychotherapie-janisch.de\/index.php?rest_route=\/wp\/v2\/pages\/129","targetHints":{"allow":["GET"]}}],"collection":[{"href":"https:\/\/www.psychotherapie-janisch.de\/index.php?rest_route=\/wp\/v2\/pages"}],"about":[{"href":"https:\/\/www.psychotherapie-janisch.de\/index.php?rest_route=\/wp\/v2\/types\/page"}],"author":[{"embeddable":true,"href":"https:\/\/www.psychotherapie-janisch.de\/index.php?rest_route=\/wp\/v2\/users\/1"}],"replies":[{"embeddable":true,"href":"https:\/\/www.psychotherapie-janisch.de\/index.php?rest_route=%2Fwp%2Fv2%2Fcomments&post=129"}],"version-history":[{"count":10,"href":"https:\/\/www.psychotherapie-janisch.de\/index.php?rest_route=\/wp\/v2\/pages\/129\/revisions"}],"predecessor-version":[{"id":328,"href":"https:\/\/www.psychotherapie-janisch.de\/index.php?rest_route=\/wp\/v2\/pages\/129\/revisions\/328"}],"wp:attachment":[{"href":"https:\/\/www.psychotherapie-janisch.de\/index.php?rest_route=%2Fwp%2Fv2%2Fmedia&parent=129"}],"curies":[{"name":"wp","href":"https:\/\/api.w.org\/{rel}","templated":true}]}}