{"id":266,"date":"2023-03-03T12:45:11","date_gmt":"2023-03-03T12:45:11","guid":{"rendered":"https:\/\/www.psychotherapie-janisch.de\/?page_id=266"},"modified":"2025-12-29T12:51:30","modified_gmt":"2025-12-29T12:51:30","slug":"aktuelles-gruppenangebot","status":"publish","type":"page","link":"https:\/\/www.psychotherapie-janisch.de\/?page_id=266","title":{"rendered":"Gruppenangebot"},"content":{"rendered":"<p>Unsere Gruppenangebote sind als halboffene themenoffene Gruppen konzipiert. Ein Einstieg ist in regelm\u00e4\u00dfigen Abst\u00e4nden m\u00f6glich und erm\u00f6glicht Ihnen somit einen schnellen Start in die therapeutische Arbeit.<\/p>\n","protected":false},"excerpt":{"rendered":"<p>Unsere Gruppenangebote sind als halboffene themenoffene Gruppen konzipiert. Ein Einstieg ist in regelm\u00e4\u00dfigen Abst\u00e4nden m\u00f6glich und erm\u00f6glicht Ihnen somit einen schnellen Start in die therapeutische Arbeit.<\/p>\n","protected":false},"author":1,"featured_media":0,"parent":0,"menu_order":0,"comment_status":"closed","ping_status":"closed","template":"","meta":{"footnotes":""},"class_list":["post-266","page","type-page","status-publish","hentry"],"_links":{"self":[{"href":"https:\/\/www.psychotherapie-janisch.de\/index.php?rest_route=\/wp\/v2\/pages\/266","targetHints":{"allow":["GET"]}}],"collection":[{"href":"https:\/\/www.psychotherapie-janisch.de\/index.php?rest_route=\/wp\/v2\/pages"}],"about":[{"href":"https:\/\/www.psychotherapie-janisch.de\/index.php?rest_route=\/wp\/v2\/types\/page"}],"author":[{"embeddable":true,"href":"https:\/\/www.psychotherapie-janisch.de\/index.php?rest_route=\/wp\/v2\/users\/1"}],"replies":[{"embeddable":true,"href":"https:\/\/www.psychotherapie-janisch.de\/index.php?rest_route=%2Fwp%2Fv2%2Fcomments&post=266"}],"version-history":[{"count":9,"href":"https:\/\/www.psychotherapie-janisch.de\/index.php?rest_route=\/wp\/v2\/pages\/266\/revisions"}],"predecessor-version":[{"id":342,"href":"https:\/\/www.psychotherapie-janisch.de\/index.php?rest_route=\/wp\/v2\/pages\/266\/revisions\/342"}],"wp:attachment":[{"href":"https:\/\/www.psychotherapie-janisch.de\/index.php?rest_route=%2Fwp%2Fv2%2Fmedia&parent=266"}],"curies":[{"name":"wp","href":"https:\/\/api.w.org\/{rel}","templated":true}]}}

<p>Unsere Gruppenangebote sind als halboffene themenoffene Gruppen konzipiert. Ein Einstieg ist in regelmäßigen Abständen möglich und ermöglicht Ihnen somit einen schnellen Start in die therapeutische Arbeit.</p>
