{"id":334,"date":"2025-07-07T20:05:35","date_gmt":"2025-07-07T20:05:35","guid":{"rendered":"https:\/\/www.psychotherapie-janisch.de\/?page_id=334"},"modified":"2025-09-26T09:50:10","modified_gmt":"2025-09-26T09:50:10","slug":"carl-leonard-walzer","status":"publish","type":"page","link":"https:\/\/www.psychotherapie-janisch.de\/?page_id=334","title":{"rendered":"Carl Leonard Walzer"},"content":{"rendered":"<h2>Psychologischer Psychotherapeut, M. Sc. Psychologie<br \/>\nVerhaltenstherapie<\/h2>\n<p>Sicherstellungsassistent<\/p>\n<h2>Zusatzqualifikationen<\/h2>\n<p>Gruppentherapie<\/p>\n<h2>Werdegang<\/h2>\n<ul>\n<li>Psychotherapeutische T\u00e4tigkeit in der Praxis f\u00fcr Psychotherapie Martina Janisch (seit 2025)<\/li>\n<li>Approbation als psychologischer Psychotherapeut und Eintragung in das Arztregister der kassen\u00e4rztlichen Vereinigung Baden-W\u00fcrttembergs mit der Fachkunde in Verhaltenstherapie bei Erwachsenen und in Gruppen (2024)<\/li>\n<li>Therapeutische T\u00e4tigkeit im Klinikum Christophsbad in G\u00f6ppingen in der allgemeinpsychiatrischen Tagesklinik, der Psychosenstation und der Gerontopsychiatrischen Station sowie an der Ambulanz der Christophsbad Akademie f\u00fcr Psychotherapie (2021-2024)<\/li>\n<li>Weiterbildung zum Psychologischen Psychotherapeuten mit dem Schwerpunkt Verhaltenstherapie\u00a0an der Chistophsbad Akademie f\u00fcr Psychotherapie (2021-2024)<\/li>\n<li>Studium der Psychologie an der Universit\u00e4t Ulm sowie an der Eberhard Karls Universit\u00e4t T\u00fcbingen (2016-2021)<\/li>\n<\/ul>\n","protected":false},"excerpt":{"rendered":"<p>Psychologischer Psychotherapeut, M. Sc. Psychologie Verhaltenstherapie Sicherstellungsassistent Zusatzqualifikationen Gruppentherapie Werdegang Psychotherapeutische T\u00e4tigkeit in der Praxis f\u00fcr Psychotherapie Martina Janisch (seit 2025) Approbation als psychologischer Psychotherapeut und Eintragung in das Arztregister der kassen\u00e4rztlichen Vereinigung Baden-W\u00fcrttembergs mit der Fachkunde in Verhaltenstherapie bei Erwachsenen und in Gruppen (2024) Therapeutische T\u00e4tigkeit im Klinikum Christophsbad in G\u00f6ppingen in der allgemeinpsychiatrischen &hellip; <\/p>\n<p class=\"link-more\"><a href=\"https:\/\/www.psychotherapie-janisch.de\/?page_id=334\" class=\"more-link\"><span class=\"screen-reader-text\">\u201eCarl Leonard Walzer\u201c <\/span>weiterlesen<\/a><\/p>\n","protected":false},"author":1,"featured_media":0,"parent":0,"menu_order":0,"comment_status":"closed","ping_status":"closed","template":"","meta":{"footnotes":""},"class_list":["post-334","page","type-page","status-publish","hentry"],"_links":{"self":[{"href":"https:\/\/www.psychotherapie-janisch.de\/index.php?rest_route=\/wp\/v2\/pages\/334","targetHints":{"allow":["GET"]}}],"collection":[{"href":"https:\/\/www.psychotherapie-janisch.de\/index.php?rest_route=\/wp\/v2\/pages"}],"about":[{"href":"https:\/\/www.psychotherapie-janisch.de\/index.php?rest_route=\/wp\/v2\/types\/page"}],"author":[{"embeddable":true,"href":"https:\/\/www.psychotherapie-janisch.de\/index.php?rest_route=\/wp\/v2\/users\/1"}],"replies":[{"embeddable":true,"href":"https:\/\/www.psychotherapie-janisch.de\/index.php?rest_route=%2Fwp%2Fv2%2Fcomments&post=334"}],"version-history":[{"count":3,"href":"https:\/\/www.psychotherapie-janisch.de\/index.php?rest_route=\/wp\/v2\/pages\/334\/revisions"}],"predecessor-version":[{"id":339,"href":"https:\/\/www.psychotherapie-janisch.de\/index.php?rest_route=\/wp\/v2\/pages\/334\/revisions\/339"}],"wp:attachment":[{"href":"https:\/\/www.psychotherapie-janisch.de\/index.php?rest_route=%2Fwp%2Fv2%2Fmedia&parent=334"}],"curies":[{"name":"wp","href":"https:\/\/api.w.org\/{rel}","templated":true}]}}