{"id":7,"date":"2020-05-01T15:30:02","date_gmt":"2020-05-01T15:30:02","guid":{"rendered":"http:\/\/psychotherapie-janisch.de\/?page_id=7"},"modified":"2023-03-03T13:36:53","modified_gmt":"2023-03-03T13:36:53","slug":"leistungen","status":"publish","type":"page","link":"https:\/\/www.psychotherapie-janisch.de\/?page_id=7","title":{"rendered":"Leistungen"},"content":{"rendered":"\r\n<p>Behandelt werden Patienten aller gesetzlichen und privaten Krankenkassen.\r\n\r\n<\/p>\r\n<p>Wir behandeln alle psychischen St\u00f6rungsbilder, v.a. Depression, Angstst\u00f6rungen, Zwangsst\u00f6rungen, sexuelle Funktionsst\u00f6rungen und Traumafolgest\u00f6rungen. Wir bieten Psychotherapie im Einzel- wie auch im Gruppensetting an.<\/p>\r\n<h2>Kosten f\u00fcr Psychotherapie<\/h2>\r\n\r\n\r\n\r\n\r\n\r\n<p>Bei <strong>gesetzlich Versicherten<\/strong> rechnen wir direkt mit Ihrer Krankenkasse ab. Hierzu bringen Sie bitte Ihre Gesundheitskarte zum ersten Termin mit. Wir nehmen am Facharztprogramm der AOK BaW\u00fc und Bosch BKK sowie an der besonderen Psychotherapeutischen Versorgung der BKK VAG teil.<\/p>\r\n\r\n\r\n\r\n<p>Sind Sie <strong>privat versichert und\/ oder beihilfeberechtigt<\/strong>, \u00fcbernimmt Ihre Krankenkasse i. d. R. die Kosten f\u00fcr eine Psychotherapie. Die Abrechnung erfolgt nach GOP. Je nach Versicherungstarif kann es aber sein, dass die private Krankenversicherung nur einen Teil der Kosten \u00fcbernimmt oder Psychotherapie aus dem Leistungskatalog ausgeschlossen ist. Am Besten kl\u00e4ren Sie vorab mit Ihrer Krankenkasse die genauen Modalit\u00e4ten und lassen sich ggf. entsprechende Unterlagen zuschicken.<\/p>\r\n\r\n\r\n\r\n<p>Es gibt auch die M\u00f6glichkeit, die Therapie <strong>selbst zu zahlen<\/strong>. Die Abrechnung erfolgt nach GOP.<\/p>\r\n\r\n\r\n\r\n<h2 class=\"wp-block-heading\">Psychologische Beratung, Paartherapie und Coaching<\/h2>\r\n\r\n\r\n\r\n<p>Dies sind Leistungen, die nicht von der Krankenkasse \u00fcbernommen werden und somit immer vom Klienten selbst gezahlt werden. Auch hier rechnen wir nach GOP ab. Aktuell haben wir hierf\u00fcr leider keine Kapazit\u00e4ten frei.<\/p>\r\n","protected":false},"excerpt":{"rendered":"<p>Behandelt werden Patienten aller gesetzlichen und privaten Krankenkassen. Wir behandeln alle psychischen St\u00f6rungsbilder, v.a. Depression, Angstst\u00f6rungen, Zwangsst\u00f6rungen, sexuelle Funktionsst\u00f6rungen und Traumafolgest\u00f6rungen. Wir bieten Psychotherapie im Einzel- wie auch im Gruppensetting an. Kosten f\u00fcr Psychotherapie Bei gesetzlich Versicherten rechnen wir direkt mit Ihrer Krankenkasse ab. Hierzu bringen Sie bitte Ihre Gesundheitskarte zum ersten Termin mit. Wir &hellip; <\/p>\n<p class=\"link-more\"><a href=\"https:\/\/www.psychotherapie-janisch.de\/?page_id=7\" class=\"more-link\"><span class=\"screen-reader-text\">\u201eLeistungen\u201c <\/span>weiterlesen<\/a><\/p>\n","protected":false},"author":1,"featured_media":0,"parent":0,"menu_order":0,"comment_status":"closed","ping_status":"closed","template":"","meta":{"footnotes":""},"class_list":["post-7","page","type-page","status-publish","hentry"],"_links":{"self":[{"href":"https:\/\/www.psychotherapie-janisch.de\/index.php?rest_route=\/wp\/v2\/pages\/7","targetHints":{"allow":["GET"]}}],"collection":[{"href":"https:\/\/www.psychotherapie-janisch.de\/index.php?rest_route=\/wp\/v2\/pages"}],"about":[{"href":"https:\/\/www.psychotherapie-janisch.de\/index.php?rest_route=\/wp\/v2\/types\/page"}],"author":[{"embeddable":true,"href":"https:\/\/www.psychotherapie-janisch.de\/index.php?rest_route=\/wp\/v2\/users\/1"}],"replies":[{"embeddable":true,"href":"https:\/\/www.psychotherapie-janisch.de\/index.php?rest_route=%2Fwp%2Fv2%2Fcomments&post=7"}],"version-history":[{"count":27,"href":"https:\/\/www.psychotherapie-janisch.de\/index.php?rest_route=\/wp\/v2\/pages\/7\/revisions"}],"predecessor-version":[{"id":118,"href":"https:\/\/www.psychotherapie-janisch.de\/index.php?rest_route=\/wp\/v2\/pages\/7\/revisions\/118"}],"wp:attachment":[{"href":"https:\/\/www.psychotherapie-janisch.de\/index.php?rest_route=%2Fwp%2Fv2%2Fmedia&parent=7"}],"curies":[{"name":"wp","href":"https:\/\/api.w.org\/{rel}","templated":true}]}}

<p>Behandelt werden Patienten aller gesetzlichen und privaten Krankenkassen.

</p>
<p>Wir behandeln alle psychischen Störungsbilder, v.a. Depression, Angststörungen, Zwangsstörungen, sexuelle Funktionsstörungen und Traumafolgestörungen. Wir bieten Psychotherapie im Einzel- wie auch im Gruppensetting an.</p>
<h2>Kosten für Psychotherapie</h2>





<p>Bei <strong>gesetzlich Versicherten</strong> rechnen wir direkt mit Ihrer Krankenkasse ab. Hierzu bringen Sie bitte Ihre Gesundheitskarte zum ersten Termin mit. Wir nehmen am Facharztprogramm der AOK BaWü und Bosch BKK sowie an der besonderen Psychotherapeutischen Versorgung der BKK VAG teil.</p>



<p>Sind Sie <strong>privat versichert und/ oder beihilfeberechtigt</strong>, übernimmt Ihre Krankenkasse i. d. R. die Kosten für eine Psychotherapie. Die Abrechnung erfolgt nach GOP. Je nach Versicherungstarif kann es aber sein, dass die private Krankenversicherung nur einen Teil der Kosten übernimmt oder Psychotherapie aus dem Leistungskatalog ausgeschlossen ist. Am Besten klären Sie vorab mit Ihrer Krankenkasse die genauen Modalitäten und lassen sich ggf. entsprechende Unterlagen zuschicken.</p>



<p>Es gibt auch die Möglichkeit, die Therapie <strong>selbst zu zahlen</strong>. Die Abrechnung erfolgt nach GOP.</p>



<h2 class="wp-block-heading">Psychologische Beratung, Paartherapie und Coaching</h2>



<p>Dies sind Leistungen, die nicht von der Krankenkasse übernommen werden und somit immer vom Klienten selbst gezahlt werden. Auch hier rechnen wir nach GOP ab. Aktuell haben wir hierfür leider keine Kapazitäten frei.</p>

<p>Behandelt werden Patienten aller gesetzlichen und privaten Krankenkassen. Wir behandeln alle psychischen Störungsbilder, v.a. Depression, Angststörungen, Zwangsstörungen, sexuelle Funktionsstörungen und Traumafolgestörungen. Wir bieten Psychotherapie im Einzel- wie auch im Gruppensetting an. Kosten für Psychotherapie Bei gesetzlich Versicherten rechnen wir direkt mit Ihrer Krankenkasse ab. Hierzu bringen Sie bitte Ihre Gesundheitskarte zum ersten Termin mit. Wir &hellip; </p>
<p class="link-more"><a href="https://www.psychotherapie-janisch.de/?page_id=7" class="more-link"><span class="screen-reader-text">„Leistungen“ </span>weiterlesen</a></p>
